29*z - 30691. Determine i(3).
-4
Let l(d) = d**2 + 1094*d - 27818. What is l(25)?
157
Let s(r) = 78*r + 2120. Calculate s(-27).
14
Let b(f) = 954*f + 283755. Determine b(-296).
1371
Let x(t) = 43*t**3 - 520*t**2 - 38*t + 553. Determine x(12).
-479
Let y(z) = 127*z + 10537. What is y(-86)?
-385
Let m(f) = 1581*f + 57947. Determine m(-38).
-2131
Let b(z) = -12*z**2 - 1795*z + 4107126. What is b(515)?
1
Let u(w) = -w**3 - 8*w**2 - 363*w + 2103. Determine u(5).
-37
Let g(k) = -k**3 - 37*k**2 - 104*k - 408. Calculate g(-34).
-340
Let u(c) = 2*c**3 + 50*c**2 + 173*c + 922. Determine u(-22).
20
Let n(x) = -2136*x + 55429. Calculate n(26).
-107
Let s(m) = -2270*m + 165749. What is s(73)?
39
Let n(j) = 2*j**3 + 24*j**2 + 222*j + 1261. Give n(-9).
-251
Let s(h) = -h**3 + 1465*h**2 - 5963*h + 4443125. Determine s(1463).
-6
Let o(s) = 2*s**2 - 211*s + 3010. What is o(13)?
605
Let k(w) = -w**3 - 48*w**2 - 239*w - 9019. Calculate k(-47).
5
Let u(i) = i**3 - 59*i**2 + 31*i + 7606. Give u(56).
-66
Let i(f) = -3*f**2 + 1107*f + 10121. What is i(378)?
-85
Let x(a) = -3*a**3 - 19*a**2 + 379*a + 1999. Determine x(-5).
4
Let x(n) = 4*n**2 - 142*n + 1037. What is x(14)?
-167
Let j(x) = -3*x**3 + 77*x**2 - 34*x + 88. Calculate j(25).
488
Let m(s) = -1144*s + 41183. Calculate m(36).
-1
Let y(j) = 19*j**3 + 134*j**2 - 18*j - 84. Give y(-7).
91
Let l(z) = 1709*z + 237548. Calculate l(-139).
-3
Let w(d) = -2*d**3 + 85*d**2 - 208*d + 319. Determine w(40).
-1
Let s(d) = -6*d**3 - 13325*d**2 - 11098*d + 4434. Calculate s(-2220).
-6
Let v(b) = -b**3 - 24*b**2 + 32*b + 258. Give v(-23).
-1007
Let w(d) = 23*d**2 - 1575*d - 652. Calculate w(69).
176
Let c(f) = -6558*f - 52489. What is c(-8)?
-25
Let s(w) = -w**3 + 443*w**2 - 35*w + 212678. Calculate s(444).
2
Let j(d) = -5550*d - 77723. What is j(-14)?
-23
Let u(n) = -2*n**3 - 5*n**2 - 198*n - 2103. What is u(-10)?
1377
Let d(m) = -2*m**2 + 68222*m + 750682. Give d(-11).
-2
Let p(c) = 256*c**2 - 2499*c - 609. Calculate p(10).
1
Let k(d) = 1684*d**2 + 1776*d - 17. Calculate k(-1).
-109
Let d(k) = -2*k**2 - 2123*k - 57974. What is d(-28)?
-98
Let n(r) = -2*r**3 + 153*r**2 + 77*r + 144. Determine n(77).
144
Let g(u) = 594*u - 92265. Calculate g(159).
2181
Let g(p) = 1542*p**2 - 486*p - 481. Determine g(-1).
1547
Let k(j) = j**2 + 364*j - 6105. Calculate k(16).
-25
Let v(y) = -1919*y + 63277. Give v(33).
-50
Let j(y) = -2*y**3 - 2968*y**2 - 20672*y + 43. Determine j(-7).
1
Let v(m) = m**2 - 279*m - 3388. What is v(-13)?
408
Let l(q) = 2*q**2 - 455482*q - 12755066. What is l(-28)?
-2
Let h(g) = -3302*g + 237758. What is h(72)?
14
Let q(a) = -a**3 - 77*a**2 - 729*a + 1070. Determine q(-66).
1268
Let r(z) = -9*z**2 - 1008*z + 335. What is r(-112)?
335
Let u(h) = 793*h - 7368. Determine u(9).
-231
Let c(t) = 9062*t - 253697. Determine c(28).
39
Let t(u) = -61423*u - 3746799. Calculate t(-61).
4
Let h(t) = 48*t**3 - 191*t**2 - 4*t + 17. What is h(4)?
17
Let w(a) = -371*a - 174359. What is w(-470)?
11
Let t(c) = -c**3 - 194*c**2 - 9396*c - 382. Determine t(-101).
-79
Let h(m) = 102542*m - 512706. Determine h(5).
4
Let s(f) = -3*f**3 - 14*f**2 + 125*f + 595. Give s(-5).
-5
Let d(y) = -8*y**2 - 2901*y - 40712. Calculate d(-348).
4
Let q(t) = 84672*t - 338746. Give q(4).
-58
Let i(j) = 367180*j - 23499506. Determine i(64).
14
Let y(w) = -1896*w + 394404. Give y(208).
36
Let i(n) = 555*n + 723. Calculate i(-4).
-1497
Let t(h) = -h**3 + 30*h**2 + 432*h - 72. Give t(41).
-851
Let a(q) = -2*q**3 - 6*q**2 + 92*q + 98. Give a(6).
2
Let w(t) = -408*t + 237455. What is w(582)?
-1
Let l(y) = -20310*y + 203099. What is l(10)?
-1
Let k(t) = t**3 - 43*t**2 + 132*t - 30. What is k(39)?
-966
Let u(k) = -18*k**3 - 293*k**2 - 19*k + 1013. What is u(-16)?
37
Let t(z) = -6*z**3 - 250*z**2 + 284*z + 8425. Give t(-42).
25
Let n(i) = -56*i**3 + 6*i**2 + 256*i + 506. Give n(-2).
466
Let g(v) = -7637*v - 1176113. Determine g(-154).
-15
Let l(a) = -2*a**2 - 1332*a + 5369. Calculate l(4).
9
Let g(q) = 686*q + 31492. What is g(-46)?
-64
Let b(c) = -1458*c + 2510. Determine b(3).
-1864
Let j(n) = 167*n + 86482. What is j(-516)?
310
Let c(q) = -40*q**3 + 148*q**2 - 39*q - 22. Give c(2).
172
Let p(l) = -29*l**2 + 56*l - 307. Calculate p(5).
-752
Let l(m) = -1012*m**2 - 13*m - 12. Give l(-1).
-1011
Let x(i) = 5*i**2 + 10938*i + 120168. What is x(-11)?
455
Let u(s) = s**3 + 33*s**2 - 102*s - 295. Calculate u(-35).
825
Let g(o) = 736*o**2 - 129518*o - 3167. Calculate g(176).
1
Let q(b) = -1544*b + 308790. Determine q(200).
-10
Let k(o) = -799*o + 22373. Calculate k(28).
1
Let n(m) = m**3 + 37*m**2 + 3*m - 668. Determine n(-35).
1677
Let k(n) = 661487*n - 3307491. Determine k(5).
-56
Let c(a) = -a**3 - 110*a**2 - 218*a + 52. Determine c(-108).
268
Let h(m) = m**2 - 999438*m - 3997765. Calculate h(-4).
3
Let n(h) = -h**2 + 2076*h + 154690. Calculate n(-72).
34
Let b(p) = 5*p**3 + 3*p**2 + 16239*p - 16241. Give b(1).
6
Let q(y) = 8*y**3 + 110*y**2 - 51*y - 255. What is q(-15)?
-1740
Let t(s) = -16*s - 1772. Give t(-79).
-508
Let l(o) = -4*o**2 - 349*o + 265. What is l(-86)?
695
Let j(l) = l**3 - 45*l**2 + 187*l - 1216. Determine j(41).
-273
Let d(q) = 48845*q + 195952. Give d(-4).
572
Let q(d) = -30*d**2 + 19205*d - 95988. Give q(5).
-713
Let s(m) = -3*m**3 + 55*m**2 + 114*m - 1413. Give s(19).
31
Let t(a) = -a**2 - 220*a + 6494. Determine t(-245).
369
Let s(r) = 16*r**2 + 8363*r - 53337. What is s(-529)?
92
Let j(v) = -v**2 + 284*v + 435452. Give j(-533).
-9
Let g(k) = -2*k**3 - 257*k**2 + 59258*k - 3501. Give g(-248).
-29
Let q(v) = -3*v**2 - 168*v - 2224. What is q(-36)?
-64
Let m(f) = -5820*f - 1239588. What is m(-213)?
72
Let l(m) = -113*m**2 + 2*m - 18. Determine l(1).
-129
Let n(o) = -18860*o + 1471078. Give n(78).
-2
Let g(i) = -2*i**3 + 42*i**2 + 324*i + 20. What is g(27)?
20
Let t(d) = -294*d**3 - 15*d**2 + 11*d + 29. Calculate t(-1).
297
Let u(a) = -17*a**2 - 215*a - 85. Give u(-11).
223
Let t(n) = 2*n**2 - 501*n - 3605. Calculate t(-7).
0
Let p(i) = 243621*i - 30939860. What is p(127)?
7
Let p(c) = 73*c - 1731. What is p(13)?
-782
Let n(s) = -43*s**3 + 20*s**2 - 73*s + 26. What is n(3)?
-1174
Let l(v) = -v**2 - 52179*v - 3283288. Determine l(-63).
20
Let p(y) = 60225*y + 60117. Calculate p(-1).
-108
Let o(d) = d**3 + 70*d**2 + 959*d - 203. Calculate o(-51).
307
Let m(w) = -268*w**3 - 99962*w**2 + 759*w + 4845. Give m(-373).
-4
Let g(o) = -o**3 - 822*o**2 - 45747*o - 1614. Calculate g(-60).
6
Let u(p) = -17407*p + 1601472. What is u(92)?
28
Let d(b) = -4911*b + 1635348. Determine d(333).
-15
Let l(m) = -142*m**2 - 3153*m - 72. What is l(-22)?
566
Let p(i) = -12430*i + 3778684. Determine p(304).
-36
Let v(f) = 7*f**2 - 237*f - 1375. Give v(-6).
299
Let h(p) = 38082*p - 1523281. What is h(40)?
-1
Let h(a) = 4*a**2 - 2183*a - 8790. Calculate h(-4).
6
Let h(a) = -28*a**2 - 976*a + 877. Give h(-36).
-275
Let g(d) = -2*d**2 + 111*d + 1610. What is g(-10)?
300
Let z(y) = -y**3 + 12*y**2 + 223*y - 1900. What is z(18)?
170
Let a(c) = 32*c**2 - 2271*c - 59. Calculate a(71).
12
Let r(f) = -f**3 + 282*f**2 + 665*f + 54156. Determine r(285).
6
Let b(x) = 229*x**2 + 57*x - 123. Give b(2).
907
Let v(c) = -629735*c + 20781221. Determine v(33).
-34
Let g(k) = 10798*k + 118606. What is g(-11)?
-172
Let n(w) = -w**3 + 25*w**2 + 53*w - 2186. Calculate n(23).
91
Let f(p) = 109*p**2 + 630*p + 184. Determine f(-9).
3343
Let o(t) = -633*t + 99011. Determine o(156).
263
Let w(j) = -j**2 + 139813*j - 15506925. Calculate w(111).
-3
Let j(m) = 5826*m**2 - 81547*m + 12. Determine j(14).
250
Let h(m) = m**3 + 11*m**2 - 54*m - 651. Determine h(-9).
-3
Let p(g) = -48*g + 1094. Give p(6).
806
Let h(b) = b**3 + 17*b**2 + 56*b - 316. Calculate h(-16).
-956
Let f(c) = 20*c**3 - 2*c**2 - 92*c + 407. What is f(4)?
1287
Let t(l) = 39708*l - 238545. Give t(6).
-297
Let c(p) = 5346*p**2 + 5349*p - 4. Determine c(-1).
-7
Let z(v) = v**3 + 18*v**2 + 182*v + 1930. Calculate z(-13).
409
Let u(m) = 3529*m - 23922. Determine u(7).
781
Let z(k) = 4*k**3 - 79*k**2 + 42*k + 1221. Determine z(19).
936
Let y(u) = u**3 + 8*u**2 - 228*u - 690. Determine y(-3).
39
Let x(o) = 1855188*o + 24117447. Give x(-13).
3
Let q(g) = -5*g**2 - 659*g - 1926. Give q(-128).
506
Let p(r) = 484*r + 3214. What is p(-7)?
-174
Let 